 number?
False
Is 33573421 a prime number?
False
Is 121062629 composite?
False
Is 17290927 a prime number?
False
Is 2309939 a composite number?
True
Is 63129149 a composite number?
True
Is 175565033 prime?
False
Is 62257309 composite?
True
Is 1248173 a prime number?
False
Is 10389719 prime?
True
Is 2256299 prime?
True
Is 244092517 a prime number?
True
Is 30025657 a composite number?
False
Is 891263 a composite number?
True
Is 1592369 a composite number?
True
Is 397253 composite?
False
Is 307989881 composite?
True
Is 34988311 a composite number?
False
Is 121723543 prime?
False
Is 112615401 composite?
True
Is 3634057 a prime number?
False
Is 17713327 prime?
True
Is 1007885 a prime number?
False
Is 4340909 composite?
False
Is 318822629 prime?
True
Is 19115201 composite?
True
Is 10101079 a prime number?
True
Is 226927 prime?
False
Is 1053191 a prime number?
True
Is 16205653 prime?
False
Is 1063345 a prime number?
False
Is 53801051 prime?
False
Is 3261073 prime?
False
Is 11866483 a composite number?
False
Is 12499519 prime?
True
Is 232629817 composite?
True
Is 46343567 composite?
False
Is 8993087 a composite number?
False
Is 1721497 a composite number?
False
Is 93965587 composite?
True
Is 10102003 composite?
False
Is 25047241 prime?
False
Is 130313591 prime?
False
Is 7661167 a prime number?
False
Is 357767 composite?
False
Is 335132813 a composite number?
False
Is 690272741 a composite number?
False
Is 17233949 a prime number?
True
Is 712750991 prime?
True
Is 1256887 a prime number?
True
Is 838395689 prime?
True
Is 93321815 prime?
False
Is 4859713 a composite number?
False
Is 8239717 composite?
False
Is 93437353 a composite number?
False
Is 6010553 a composite number?
True
Is 1586243 prime?
False
Is 531035 prime?
False
Is 1638524827 a prime number?
True
Is 29887061 a composite number?
False
Is 1823711 a prime number?
False
Is 227627 prime?
True
Is 151947745 a prime number?
False
Is 38179681 a composite number?
True
Is 26542349 composite?
False
Is 542581 a composite number?
True
Is 3636127 prime?
False
Is 957667489 a prime number?
True
Is 1967231 a prime number?
False
Is 2555099 a composite number?
False
Is 161631139 prime?
True
Is 52708319 composite?
False
Is 40099 composite?
False
Is 12702419 composite?
False
Is 7932913 composite?
False
Is 34897219 prime?
False
Is 6337439 a prime number?
True
Is 117595897 a composite number?
False
Is 91964181 composite?
True
Is 119532349 composite?
False
Is 2186453 composite?
False
Is 56852057 a composite number?
False
Is 14799929 a composite number?
False
Is 12089939 a prime number?
True
Is 24342959 composite?
False
Is 3700507 a composite number?
True
Is 22928371 composite?
False
Is 3263641 a composite number?
True
Is 68195311 a composite number?
True
Is 360851006 a prime number?
False
Is 13458827 a composite number?
False
Is 23118769 prime?
False
Is 1169951221 a prime number?
True
Is 7657679 a composite number?
False
Is 52015273 prime?
False
Is 3805663 a composite number?
False
Is 385811 composite?
False
Is 4980207 a composite number?
True
Is 24114403 a composite number?
True
Is 40230921 composite?
True
Is 156254783 a composite number?
False
Is 7162514 a composite number?
True
Is 39746737 composite?
True
Is 390927707 a composite number?
True
Is 5352239 composite?
False
Is 325119779 prime?
True
Is 191152867 a composite number?
False
Is 130339427 composite?
True
Is 124581991 prime?
True
Is 12035111 prime?
False
Is 150776491 composite?
False
Is 109261123 prime?
True
Is 9711802 a prime number?
False
Is 31377889 a composite number?
False
Is 188405801 composite?
False
Is 190057379 composite?
False
Is 5733949 a prime number?
False
Is 6912253 a prime number?
True
Is 6976421 a composite number?
False
Is 6901177 prime?
False
Is 51247597 a prime number?
True
Is 10930287 a composite number?
True
Is 2102831 a composite number?
False
Is 3374867 a composite number?
False
Is 2424613 prime?
True
Is 266742283 composite?
True
Is 32311993 a composite number?
True
Is 4686247 a prime number?
True
Is 101953 prime?
False
Is 4579151 a composite number?
False
Is 11553341 a prime number?
True
Is 6565121 a composite number?
True
Is 15086998 prime?
False
Is 12466163 composite?
False
Is 73341613 composite?
False
Is 702476717 composite?
False
Is 114932503 a prime number?
False
Is 16591417 prime?
False
Is 1376257 composite?
False
Is 83945597 prime?
False
Is 1196201 prime?
True
Is 407909449 composite?
False
Is 2191279 composite?
True
Is 436501213 a composite number?
True
Is 42315163 a composite number?
True
Is 17908817 composite?
False
Is 214592167 composite?
True
Is 24776077 a composite number?
False
Is 5772374 prime?
False
Is 50906 prime?
False
Is 10342807 composite?
True
Is 482861 composite?
False
Is 9442541 a composite number?
True
Is 413053319 composite?
True
Is 25401505 a composite number?
True
Is 8587399 a prime number?
True
Is 89452039 prime?
True
Is 2165651 a prime number?
True
Is 110750789 a composite number?
True
Is 1961021 a composite number?
False
Is 65153 a prime number?
False
Is 9096167 a prime number?
False
Is 45582583 composite?
False
Is 71598773 a prime number?
True
Is 4294637 a prime number?
True
Is 829501 prime?
True
Is 2073041 a prime number?
True
Is 126647405 a composite number?
True
Is 163973671 composite?
False
Is 6567307 composite?
False
Is 1362722 composite?
True
Is 1638547 composite?
False
Is 17438431 a prime number?
False
Is 486923 composite?
False
Is 5567549 a composite number?
True
Is 1992101 composite?
False
Is 3058689 a composite number?
True
Is 7730097 a composite number?
True
Is 156400003 composite?
False
Is 6365629 composite?
True
Is 21557791 a prime number?
False
Is 8419195 composite?
True
Is 31037218 composite?
True
Is 2782079 a prime number?
False
Is 1809179 composite?
True
Is 1549493 prime?
False
Is 579217629 a prime number?
False
Is 13407241 a prime number?
True
Is 923717481 a composite number?
True
Is 95747681 prime?
True
Is 5695091 a composite number?
False
Is 1252639 prime?
True
Is 113186467 prime?
True
Is 977497 composite?
True
Is 3867719 prime?
False
Is 6890181 a composite number?
True
Is 55519463 prime?
False
Is 521603 composite?
False
Is 39334378 prime?
False
Is 6944491 composite?
True
Is 460984343 a prime number?
True
Is 108423749 a prime number?
False
Is 290657 composite?
False
Is 32944843 composite?
False
Is 510372743 a composite number?
False
Is 11933401 a prime number?
True
Is 2007983 a composite number?
True
Is 19949333 prime?
True
Is 6539011 prime?
False
Is 2986079 composite?
True
Is 46489381 prime?
False
Is 8287219 composite?
True
Is 899126 prime?
False
Is 137395991 a composite number?
False
Is 6273167 a prime number?
True
Is 5147867 a prime number?
True
Is 10627841 prime?
False
Is 937961 a prime number?
False
Is 198273931 composite?
False
Is 697316519 prime?
True
Is 1545083 prime?
False
Is 604759 prime?
True
Is 27500041 a prime number?
False
Is 285950971 a composite number?
True
Is 15716251 composite?
True
Is 8171 a composite number?
False
Is 567045157 prime?
False
Is 272445103 composite?
True
Is 86655917 prime?
False
Is 2222176741 a composite number?
False
Is 6935681 composite?
True
Is 8173783 prime?
True
Is 499211 a composite number?
False
Is 4805494 prime?
False
Is 18765611 a composite number?
False
Is 1040131 prime?
False
Is 43661087 a prime number?
True
Is 1562831 composite?
True
Is 62654197 prime?
False
Is 23317913 a prime number?
True
Is 393440893 prime?
False
Is 25861937 a prime number?
False
Is 349561033 a prime number?
True
Is 63883 a composite number?
True
Is 11597111 a prime number?
False
Is 15348497 prime?
False
Is 21552001 a composite number?
True
Is 376231543 a prime number?
True
Is 142134731 prime?
True
Is 2158459 prime?
True
Is 2731955 composite?
True
Is 529799357 composite?
False
Is 78425317 prime?
True
Is 15243307 prime?
True
Is 130391551 a prime number?
True
Is 335251573 a prime number?
True
Is 10797271 a composite number?
False
Is 20154623 a composite number?
True
Is 852619 a prime number?
False
Is 1293703 composite?
True
Is 1766003 composite?
False
Is 526181 a composite number?
True
Is 13092053 a composite number?
True
Is 353024783 composite?
False
Is 11403661 prime?
True
Is 1937357 composite?
True
Is 340751 a composite number?
True
Is 521242601 a composite numbe